mber?
True
Suppose 77*o = 81*o - 67004. Is o prime?
False
Let g(h) = -2*h - 20. Let c be g(-10). Suppose -3*b + c*b + s + 1216 = 0, 2*b = 5*s + 789. Is b composite?
True
Let u(s) = s + 10. Let c be u(-4). Let j(d) = 18*d**2 - 3*d - 7. Is j(c) composite?
True
Suppose -64388 - 3306975 = -23*a. Is a a prime number?
True
Let q(d) = -2*d + 2. Let u be q(2). Let o(v) = -71*v**3 - v**2 + v + 1. Is o(u) a composite number?
False
Suppose -2*v - 10 = -2*q, 2*q = 2*v - 7*v - 4. Is 411 - ((-12)/(-3) + v) prime?
True
Let h = 11 - 11. Suppose h = -4*f + 1 - 21, -3*l = 4*f - 583. Suppose -2*a = -625 - l. Is a composite?
True
Suppose -3*r + 10 - 4 = 0. Suppose 257 = -0*y + y - 4*m, -m = -r*y + 535. Is y a composite number?
False
Let p(r) = -r + 12. Let u be p(11). Let y be 0 - -3 - (-258 + u). Is (-6)/3 + -4 + y prime?
False
Suppose -3*p = 21*p - 437496. Is p a prime number?
True
Let v(a) be the third derivative of -23*a**6/30 - a**5/60 + a**4/8 - a**3/3 + 4*a**2. Let p be v(2). Let l = -249 - p. Is l a prime number?
True
Suppose -3*a = -7*a, -9 = -3*n - 5*a. Let y be (98/4)/(n/18). Suppose -y - 327 = -3*l. Is l a prime number?
False
Suppose 24*q = 9*q + 348405. Is q composite?
False
Let v = -2830 + 4301. Is v prime?
True
Suppose 0*z + 4*i = z + 8, z + 5 = 3*i. Suppose 0 = -5*q + 3*q - f + 162, 5*q - 411 = -z*f. Is q composite?
False
Let g be 14/18 + -1 - 1740/(-54). Suppose 7186 = -30*q + g*q. Is q composite?
False
Suppose -3*g = d + 2977, g - 4*g - 2953 = -5*d. Let l = 126 - g. Is l composite?
False
Let o = -1558 - -2919. Is o a composite number?
False
Suppose j + 0*j = 4*z - 41728, z - 5*j - 10413 = 0. Is z a composite number?
False
Suppose -m - 3*m = 5*c - 3, 4*c + m = 9. Let h(x) = x**2 - 2*x - 1. Let f be h(c). Suppose -3*j + 2*w + 287 = -62, 10 = -f*w. Is j a prime number?
True
Suppose 12*b = 15*b + 60. Is (0 + (-3628)/(-10))/(b/(-50)) a composite number?
False
Is 3 + 0/(-4) - (-1 + -790) a composite number?
True
Let z = 13 + 566. Suppose 7*m + z + 2977 = 0. Let p = 127 - m. Is p a prime number?
False
Is -3*(-8)/(72/20037) composite?
False
Suppose -5*o + 19943 = -3*x, x + 9 = 13. Is o prime?
False
Suppose 2*k - 376 = -2*u, 6*k + 218 = u + k. Let p = -98 - -62. Let m = u + p. Is m composite?
False
Suppose 3*g - o = 6, g - 5*o = -3*g - 3. Suppose -8*j + 5*j = -g. Is (-1 - (j - 1)) + 536 prime?
False
Is 21961/(-4)*(13 - (17 + 0)) prime?
True
Let d = 1286 + 33. Is d a prime number?
True
Let c be 3/2 + (-6)/(-4). Let u(d) = c*d**2 - 3 - 9*d - 1 + 1 + 4. Is u(7) prime?
False
Suppose -4*p = 0, -5*y = -4*p - 2 + 32. Is (-155445)/(-35) + y/21 a composite number?
False
Let i = 3073 + -2015. Let b = i - 573. Is b a composite number?
True
Let h(r) = -r**2 + 4*r + 26. Let d be h(8). Is (-18)/d*-1 + 107*2 a composite number?
False
Is (120/(-160))/((-6)/664) prime?
True
Let s(r) = -r**2 - 4*r + 98. Let o(f) be the first derivative of -2*f**3/3 - 9*f**2/2 + 197*f + 4. Let h(l) = -3*o(l) + 7*s(l). Is h(0) a composite number?
True
Let n(k) = 5219*k - 1410. Is n(11) a prime number?
False
Let w(d) = -d. Let q(h) = 112*h + 7. Let y(a) = q(a) + 21*w(a). Is y(6) a composite number?
True
Suppose -6*q = -9*q. Let y = q + 2. Suppose -446 = -0*n - y*n. Is n composite?
False
Suppose -17 = i + 33. Let h = 127 + i. Is h prime?
False
Suppose 3*u + 16 = 5*w - 10, -2*u + 16 = 5*w. Let v be (18/w)/((-7)/(-210)). Suppose 235 + v = 5*b. Is b a prime number?
False
Suppose -5*h + 5*v = -60, -5*h + 3*h - 4*v - 6 = 0. Let w = h - 4. Suppose 0 = w*s - o - 254, 4*o = -s - o + 58. Is s a composite number?
False
Suppose -4*d + 3*f = 17, -6 = -2*d - d - 4*f. Is (-5)/(-10)*d - (-120)/2 prime?
True
Let s be -3 + 2 - (1 + -2). Let r(n) = 2*n - 4. Let v be r(s). Let p(t) = -2*t**3 + 3*t**2 + 4*t - 2. Is p(v) a prime number?
False
Let g be 5/5*(-6)/(-3). Let c(z) = -3*z**3 - 8*z**2 + 3*z + g*z**3 + 23*z**2 - 19. Is c(15) prime?
False
Let f = 9786 + 23941. Is f a prime number?
False
Let x = -10 + 13. Let v(n) = -x - 2 + 10*n + 1. Is v(3) composite?
True
Suppose 5*o + 3*o = 10352. Let m = -900 + o. Is m prime?
False
Let x be (14 + -10)*1182/(-8). Let z = -42 - x. Suppose -4*b + z = -463. Is b a prime number?
False
Suppose n - f = 5188, -5*n = -7*n - 2*f + 10380. Is n composite?
False
Let y be (-5 - -5)/(-5) + 5. Suppose -r = -0*r + 3*p - 97, -y*p - 10 = 0. Is r composite?
False
Let q = 14834 + -2231. Is q composite?
True
Let h(v) be the third derivative of -101*v**4/24 + v**3/3 + 10*v**2. Is h(-1) composite?
False
Let t = 10 + -7. Suppose t + 1 = -2*s - 4*o, -5*s + 20 = -5*o. Suppose -s*y + 169 = 5*f, -y - f + 388 = 4*y. Is y composite?
True
Let f be 3008/52 - 6/(-39). Let t = -51 - f. Let h = t + 198. Is h composite?
False
Is (12077/(-65))/(2/(-30)) a prime number?
False
Let a(h) = -h**3 - 9*h**2 + 10*h + 2. Let b be a(-10). Suppose -3080 = -b*o - 3*o. Suppose 142 = y - l - 4*l, -o = -4*y + 4*l. Is y composite?
False
Let v(z) be the first derivative of 13*z**4/4 + z**3 - 3*z**2 - 7*z + 19. Is v(5) a prime number?
True
Let c(x) = -2*x + 9. Let y(g) = -g + 1. Let u(f) = c(f) - 4*y(f). Let w be u(2). Let t(i) = 4*i + 15. Is t(w) a prime number?
False
Suppose -9*i + 341851 = -123206. Is i a prime number?
True
Let y(o) = -101*o - 4. Is y(-7) a prime number?
False
Let d be (7 + -6)*(-3)/(-3). Let l = d - -56. Is l a composite number?
True
Let m(t) = -13*t**3 - 17*t**2 + 6*t + 14. Is m(-6) a prime number?
False
Let q be -4 + 2 - (-609)/3. Let i(b) = -3*b**3 - 7*b**2 + 4. Let n be i(-6). Let l = n - q. Is l prime?
True
Suppose -5*t + 10 = 2*c, -5*t + 3*c + 7 = -3. Let s(i) = 10*i**3 + 8*i - 1. Let r(h) = -10*h**3 - 9*h + 1. Let q(j) = 6*r(j) + 7*s(j). Is q(t) prime?
True
Let u(z) = 7*z + 1 - 2*z - z**3 - 3*z. Let t be u(-1). Suppose -5*m = t, 0 = -3*i + 4*i - m - 97. Is i a composite number?
False
Suppose 3*l = -14 - 4. Let x(o) = -10*o + 2. Let n be x(l). Let f = n + -5. Is f a prime number?
False
Is (-385)/220*-998*2 prime?
False
Suppose -2*k + 5*s = 64 - 265, 367 = 4*k - 3*s. Let f = 167 - k. Is f a prime number?
True
Suppose -3655 = -k - 4*r, -2*r + 7292 = -14*k + 16*k. Is k prime?
True
Suppose 4*j = 4*b + 107556, -b - 80667 = -103*j + 100*j. Is j prime?
False
Suppose 0 = j - 22 - 8. Let p be -3*(-5)/j*0. Suppose 4*y + 4*m = 912, -5*y - 4*m + 1135 = -p*m. Is y composite?
False
Let a(y) = 74*y**2 + 2*y + 1. Is a(-2) composite?
False
Suppose 8026 = 25*z - 1849. Is z composite?
True
Suppose -32*k + 218051 = -319133. Is k a composite number?
False
Let y = 45 + -76. Suppose -2*a + 570 = 182. Let k = a + y. Is k a composite number?
False
Suppose w - 156461 = -5*j, 5*j - 469363 = -7*w + 4*w. Is w a prime number?
False
Suppose -25*x = -46*x + 197673. Is x a prime number?
True
Suppose -5*z - 5*z + 4190 = 0. Is z prime?
True
Let s(j) = -26*j + 6. Let w(m) = -52*m + 11. Let l(c) = 5*s(c) - 3*w(c). Is l(5) composite?
False
Let o(y) = 1318*y**2 + 7*y + 8. Is o(-1) composite?
False
Let s(f) = 64*f + 28. Let k(b) = 7*b + 3. Let j(v) = -28*k(v) + 3*s(v). Let x be j(-5). Suppose 2*l = -x + 88. Is l prime?
False
Let a = 19 + -25. Is (-2 - a)*(-76)/(-16) prime?
True
Suppose 0*z - 4*z - 28 = 0. Let g(v) = -v**2 - 8*v. Let h be g(z). Is -8 + h - (1 - 147) a composite number?
True
Suppose 5*r - 19 = -2*l, 3*r = 7*r + 4*l - 8. Suppose 40 = -2*x + 3*f + 15, -r*x = -5*f + 60. Is (1/2)/(x/(-1210)) prime?
False
Let y(g) = 10*g**3 + 11*g**2 + 4*g - 8. Let q be y(-7). Let n = -1776 - q. Is n a composite number?
False
Let q be 3/18 + 34/12. Suppose r = 3*t + t - 33, -q*t = r - 16. Suppose -2 = -t*b + 320. Is b a composite number?
True
Let q(j) = 2*j**2 - 5 - 8*j + 11 - j**2. Let r be q(6). Is (4/r)/(2/(-111)) composite?
False
Suppose -5*z = d - 309, -2*z + 142 + 0 = 5*d. Let t = z + -195. Let g = 445 + t. Is g a prime number?
True
Let g(o) = 9*o + 31. Let t be g(-3). Let s = t - -31. Is s prime?
False
Let d(t) be the second derivative of -8*t**3 - 19*t**2/2 + 7*t. Is d(-9) prime?
False
Suppose -y - 4*y - 25 = 0. Let p be ((-6)/5)/(3/y). Is -4 + 147 + 4 + p a prime number?
True
Let z(k) = -k**3 + 10*k**2 + k - 10. Let m be z(10). Suppose -3*q - q + 944 = m. Suppose -8*r = -4*r - q. Is r a composite number?
False
Let q(i) = 8*i**2 + 2*i**2 + i + 2 - i**3 + 3*i + 7*i. Let u be q(11). Suppose u*p - 390 = -4*p. Is p a prime number?
Fal